 -m*c - q = -40. What are the prime factors of c?
2
Let s(n) = 4*n - 2. Suppose 0 = 2*u + u - 6. What are the prime factors of s(u)?
2, 3
Let a(o) = 4*o - 4. Let h = -5 - -7. Let d(g) = g + 2. Let m be d(h). What are the prime factors of a(m)?
2, 3
Let j = -18 - -37. Let f(x) = x + x + j - 3*x. What are the prime factors of f(0)?
19
Let d = 0 - -4. Suppose 0 = g - d - 6. Suppose p = c - p - 11, -5*p = 5*c - g. List the prime factors of c.
5
Let p(s) = 4*s**2 - s - 1. Let a be p(2). Let o = 21 - a. What are the prime factors of o?
2
Let d(s) = -s**3 + 11*s**2 + 11. Let l be 1/(-2) - 115/(-10). List the prime factors of d(l).
11
What are the prime factors of (-1996)/(-28) + -8 + (-4)/14?
3, 7
Suppose -5*v + 65 + 85 = 0. List the prime factors of v.
2, 3, 5
Suppose -5*p = -2*u - 86 - 45, -10 = -5*u. Suppose w + p = 2*w. Suppose -w = -3*v + 21. List the prime factors of v.
2
Let g = 51 + -7. List the prime factors of g.
2, 11
Let a be (-120)/(-35) + (-4)/(-7). Suppose -a*i + 5 = -j - 7*i, 5 = -i. List the prime factors of j.
2, 5
Let d(u) = u**3 + 7*u**2 + 7*u + 2. What are the prime factors of d(-5)?
17
Let l(s) = s + 11. Let h be l(-8). Suppose -5*d = -f - 20 + h, f = -4*d + 10. What are the prime factors of -3*(d + -3 - 1)?
3
Suppose 5*c = -2*n + 6*n + 557, c - 5*n = 124. List the prime factors of c.
109
Let t(n) = -n**3 + 8*n**2 + 16*n - 11. What are the prime factors of t(7)?
2, 3, 5
Suppose -5*h + 2*y + 1283 = 0, h + h - y = 513. List the prime factors of h.
257
Let x(w) = w + 18. Let z be x(-14). Let l(f) = -1 + 2*f - 3*f + 3*f**2 - 2*f**2. List the prime factors of l(z).
11
Suppose 4*t - 1 = 5*t. Let b be 4/18 - (-140)/18. List the prime factors of 2 + 0 + b - t.
11
Let a = 5 - 6. Let x be (7/(-21))/(a/21). Let t = x - 5. What are the prime factors of t?
2
Let t = -6 + 11. Let q(m) = -m**2 + 7*m - 2. What are the prime factors of q(t)?
2
Let d = 462 + -306. What are the prime factors of d?
2, 3, 13
Let f be -1 + 2/3*12. Suppose 4*g - 3*a - 2*a = -f, -4*g + 4*a - 4 = 0. List the prime factors of g.
2
Let y(h) = -23*h - 8. List the prime factors of y(-3).
61
Suppose -3*s - 2*a = -4, -s + 2*a = s + 4. Suppose s = -3*l + 7 - 1. Let i(t) = 7*t - 3. List the prime factors of i(l).
11
Suppose 0 = 3*d + w + 9, d - 4*d + w - 15 = 0. List the prime factors of 27/(12/d)*-3.
3
Suppose -5*f - 11 = -3*j, 2*j = -2*j - 3*f + 5. Suppose 0 = 5*y - 5 - 15. Suppose -y = -j*u + 20. What are the prime factors of u?
2, 3
Suppose -2*d + 6*d + 24 = 0. Let c be 5 - 1/((-2)/d). Suppose 3*k + 4*y = 24 - 1, -c*y = 8. List the prime factors of k.
13
Let u = 16 - 26. Let z = u - -35. What are the prime factors of z?
5
What are the prime factors of (-1 - -2) + (41 - -2)?
2, 11
Let j = 7 + -11. What are the prime factors of (20 + j)*(-2)/(-4)?
2
Let s(l) be the second derivative of l**4/12 - 7*l**3/6 - l**2 - l. Let i be s(8). List the prime factors of -1*(-3)/i*24.
2, 3
Let o be 15/4 + 1/4. Suppose -s = o*s. Suppose -16 = -2*h - s*h. What are the prime factors of h?
2
Let s(f) = 6*f + 30. List the prime factors of s(7).
2, 3
Let v = -4 - -8. Suppose -94 + 10 = -4*m - v*h, -25 = 5*h. List the prime factors of m.
2, 13
Suppose 4*i - 26 = 3*d - 0*d, 5*i - 5*d - 35 = 0. Suppose -3*z + 3*a + 17 = -22, -4*z + i*a = -56. What are the prime factors of z?
3
Suppose -150 = h - 4*h. What are the prime factors of h?
2, 5
Let s(v) = -6*v**3. Suppose -3*l = -5*n + 28, -3*n + 6 = -9. What are the prime factors of s(l)?
2, 3
Suppose 3*p - 159 = -3*j, -2*p + 3*j = j - 110. List the prime factors of p.
2, 3
Let s = 40 + 1. List the prime factors of s.
41
Let c = -3 + 5. Suppose c*p = 31 - 9. What are the prime factors of p?
11
Suppose 1046 = 10*k - 264. What are the prime factors of k?
131
Suppose 66 - 266 = -5*x. Let r = x + -24. List the prime factors of r.
2
Let m(x) = -5*x**2 + 6*x - 14. Let l(v) = 2*v**2 - 2*v + 5. Let w(t) = 8*l(t) + 3*m(t). List the prime factors of w(-4).
2, 3
List the prime factors of (-1 + -2)*(-4 + (-128)/6).
2, 19
Suppose f = 95 + 96. List the prime factors of f.
191
What are the prime factors of (-4 + 2)*-10*2?
2, 5
Let u(v) = 4*v**2 + 11*v. Let r(w) = w**2 + w - 1. Let o(c) = -5*r(c) + u(c). Let q be o(5). Suppose 0 = -a - a + q. List the prime factors of a.
5
Let g(k) = -k**3 - 7*k**2 + 4*k - 9. Let i be g(-8). Let a = i + -6. List the prime factors of a.
17
What are the prime factors of 44 + 1 + -1 + 4?
2, 3
Suppose 5*o - 14 = 3*i, -6*i + 10 = 2*o - 5*i. Let c be (6/o)/((-4)/(-104)). Suppose 4*s = c + 9. What are the prime factors of s?
2, 3
Let p = -55 + 62. List the prime factors of p.
7
Let g = -33 + 75. List the prime factors of g.
2, 3, 7
Let q(c) = c**3 - 3*c**2 - 3*c - 9. List the prime factors of q(6).
3
Suppose 0*h - 3*h = -3*r - 15, 2*h - 4*r = 16. Suppose 90 = -5*w + h*l, -5*w + 8*l = 3*l + 75. Let k = w + 28. What are the prime factors of k?
2
Let q = 70 - 24. What are the prime factors of q?
2, 23
Let b(u) = -u**3 + 3*u + 6*u**2 + 13 + 4*u - 5. Suppose 0 = 5*m - i + 4*i - 32, -5*m - 2*i + 33 = 0. List the prime factors of b(m).
2
Suppose 0*k + 5*k = 10. Suppose u + 4 = 3*n - 4*n, -5*n - k = 3*u. Let c = u - -22. What are the prime factors of c?
13
Suppose -8*h + 11*h = 285. List the prime factors of h.
5, 19
List the prime factors of 9/(-6)*(-20)/3.
2, 5
Let l = 60 - 36. List the prime factors of l.
2, 3
Let a be 5/(2/(-6) - 0). Let c = a - -35. What are the prime factors of c?
2, 5
Let o be (-2)/(3/(9/6)). List the prime factors of (-525)/(-20) + o/4.
2, 13
Suppose -18 = -3*q + 24. Let l = 22 + -17. Suppose 0 = 2*z + l*o + q - 56, -4*z - o = -48. What are the prime factors of z?
11
Let c(y) = 30*y**2 - y. Let p be c(1). Let o = p - 61. List the prime factors of ((-2)/4)/(1/o).
2
Let s be 4 + -3 + (-1 - -3). Suppose s*x - 2*x = 5*w - 86, -3*x - 88 = -5*w. What are the prime factors of w?
17
Let b be (-58)/7 + (-8)/(-28). Let v = b - -36. What are the prime factors of v?
2, 7
Let s = 106 - 64. What are the prime factors of s?
2, 3, 7
Let b(o) = -2*o**3 - 3*o**2 + 3*o. Let c(g) = g - 6. Let l be c(3). List the prime factors of b(l).
2, 3
Let y be (-2 - 11)*4/(-4). Suppose -3*i + y = 1. Suppose -4*z - 4*p + 2 = -2, -z + 2*p = -i. List the prime factors of z.
2
Suppose l + 0*l - 15 = 0. Let z be l/10*(-4)/3. What are the prime factors of z/7 - (-602)/49?
2, 3
Suppose -u - 48 = -3*u. List the prime factors of 2/(-12) - (-244)/u.
2, 5
Let u(j) be the third derivative of -5*j**4/24 + 3*j**2. List the prime factors of u(-5).
5
Let i = 207 + -136. List the prime factors of i.
71
Let u = -5 + 7. Suppose 3*f - 2*k + 20 = 0, k - u = f + 5*k. Let r(y) = y**2 + 6*y + 2. What are the prime factors of r(f)?
2
Let a = -12 + -4. Let y = 9 + a. Let m = y - -12. What are the prime factors of m?
5
Let l(a) be the second derivative of a**6/360 - a**5/20 - a**4/6 - 3*a. Let z(s) be the third derivative of l(s). List the prime factors of z(4).
2
Let a(k) be the second derivative of 1/12*k**4 - 5*k**2 + 0 + k**3 + 2*k. List the prime factors of a(-8).
2, 3
Let a be 2/7 - (-515)/35. Let h = -9 + a. What are the prime factors of h?
2, 3
Suppose 0 = 3*a - 4*b + 1, 0 = -a - 2*b + b + 9. Let q = a - 3. Suppose -4*h - 37 = -5*z, -q*h - 1 = 2*z - 5. What are the prime factors of z?
5
Let b(q) = -q - 6. Let y be b(-10). Let i = y - -8. What are the prime factors of i?
2, 3
Suppose 2*o + 244 = -2*o. Let k = o + 92. What are the prime factors of k?
31
Let d = -1 - -3. Suppose 2*p = -c - 0*c + 23, d*p - 35 = -5*c. List the prime factors of p.
2, 5
Let w(g) = -15*g + 4. List the prime factors of w(-2).
2, 17
Suppose 4*b - 2*b = 56. Suppose -4*w = -16, h + b = 5*h - 4*w. Let o = 5 + h. List the prime factors of o.
2
List the prime factors of 63 + ((-8)/3)/(6/(-9)).
67
Let a = -24 - -26. Suppose 3*s - 28 = a*s. List the prime factors of s.
2, 7
List the prime factors of (-2 - (-3 + -5)) + 0.
2, 3
Suppose 0*z - 3 = z. Let p be (-1)/(z/33) + -2. Let q = -5 + p. List the prime factors of q.
2
Suppose -115*r - 309 = -118*r. List the prime factors of r.
103
Let r = -17 + 21. Let m = 18 - r. List the prime factors of m.
2, 7
Suppose 0 = -0*r + r - 61. What are the prime factors of r?
61
Suppose -4*j = 2*i - 152, 108 = 7*j - 4*j + 3*i. What are the prime factors of j?
2, 5
Suppose v 